the prime factors of 9377?
9377
List the prime factors of 1348.
2, 337
List the prime factors of 9061.
13, 17, 41
What are the prime factors of 19278?
2, 3, 7, 17
What are the prime factors of 95861?
257, 373
List the prime factors of 7438.
2, 3719
What are the prime factors of 9749?
9749
List the prime factors of 967.
967
What are the prime factors of 402?
2, 3, 67
What are the prime factors of 27376?
2, 29, 59
List the prime factors of 262.
2, 131
List the prime factors of 13163.
13163
What are the prime factors of 130?
2, 5, 13
List the prime factors of 18530.
2, 5, 17, 109
List the prime factors of 2764.
2, 691
What are the prime factors of 25038?
2, 3, 13, 107
What are the prime factors of 1379?
7, 197
List the prime factors of 224.
2, 7
What are the prime factors of 41480?
2, 5, 17, 61
What are the prime factors of 34352?
2, 19, 113
List the prime factors of 5880.
2, 3, 5, 7
List the prime factors of 19490.
2, 5, 1949
What are the prime factors of 642?
2, 3, 107
List the prime factors of 78991.
11, 43, 167
List the prime factors of 51534.
2, 3, 7, 409
What are the prime factors of 3047?
11, 277
What are the prime factors of 25074?
2, 3, 7, 199
What are the prime factors of 75579?
3, 7, 59, 61
List the prime factors of 5224.
2, 653
List the prime factors of 10260.
2, 3, 5, 19
What are the prime factors of 575?
5, 23
List the prime factors of 1405.
5, 281
List the prime factors of 977.
977
List the prime factors of 178.
2, 89
List the prime factors of 18236.
2, 47, 97
What are the prime factors of 1533?
3, 7, 73
What are the prime factors of 12123?
3, 449
List the prime factors of 225.
3, 5
List the prime factors of 331.
331
What are the prime factors of 1635?
3, 5, 109
What are the prime factors of 216?
2, 3
List the prime factors of 465.
3, 5, 31
What are the prime factors of 1724?
2, 431
List the prime factors of 529.
23
What are the prime factors of 115?
5, 23
List the prime factors of 5975.
5, 239
What are the prime factors of 13803?
3, 43, 107
What are the prime factors of 2022?
2, 3, 337
What are the prime factors of 2509?
13, 193
What are the prime factors of 33265?
5, 6653
List the prime factors of 4587.
3, 11, 139
List the prime factors of 11410.
2, 5, 7, 163
What are the prime factors of 163549?
41, 3989
List the prime factors of 59390.
2, 5, 5939
List the prime factors of 3308.
2, 827
List the prime factors of 14410.
2, 5, 11, 131
List the prime factors of 11320.
2, 5, 283
What are the prime factors of 2055?
3, 5, 137
List the prime factors of 807.
3, 269
What are the prime factors of 8700?
2, 3, 5, 29
What are the prime factors of 55987?
55987
List the prime factors of 51263.
51263
What are the prime factors of 2595?
3, 5, 173
What are the prime factors of 15754?
2, 7877
What are the prime factors of 19130?
2, 5, 1913
List the prime factors of 60026.
2, 30013
List the prime factors of 3564.
2, 3, 11
List the prime factors of 49346.
2, 11, 2243
What are the prime factors of 13777?
23, 599
List the prime factors of 5634.
2, 3, 313
List the prime factors of 6687.
3, 743
What are the prime factors of 7646?
2, 3823
What are the prime factors of 2423?
2423
What are the prime factors of 30408?
2, 3, 7, 181
What are the prime factors of 313?
313
What are the prime factors of 36109?
36109
List the prime factors of 6727.
7, 31
List the prime factors of 5748.
2, 3, 479
What are the prime factors of 408?
2, 3, 17
What are the prime factors of 968?
2, 11
List the prime factors of 115651.
17, 6803
What are the prime factors of 902?
2, 11, 41
List the prime factors of 671.
11, 61
List the prime factors of 5018.
2, 13, 193
What are the prime factors of 497?
7, 71
List the prime factors of 7636.
2, 23, 83
List the prime factors of 83642.
2, 13, 3217
List the prime factors of 175444.
2, 23, 1907
List the prime factors of 458.
2, 229
What are the prime factors of 6819?
3, 2273
What are the prime factors of 52166?
2, 26083
What are the prime factors of 17173?
13, 1321
What are the prime factors of 120541?
149, 809
List the prime factors of 6157.
47, 131
List the prime factors of 27444.
2, 3, 2287
What are the prime factors of 75899?
71, 1069
What are the prime factors of 14705?
5, 17, 173
What are the prime factors of 7528?
2, 941
List the prime factors of 1367.
1367
What are the prime factors of 13193?
79, 167
List the prime factors of 34903.
11, 19, 167
What are the prime factors of 19999?
7, 2857
List the prime factors of 1647.
3, 61
List the prime factors of 23579.
17, 19, 73
What are the prime factors of 4338?
2, 3, 241
List the prime factors of 18141.
3, 6047
List the prime factors of 291.
3, 97
What are the prime factors of 212?
2, 53
List the prime factors of 418.
2, 11, 19
What are the prime factors of 56085?
3, 5, 3739
List the prime factors of 2.
2
List the prime factors of 2851.
2851
List the prime factors of 38209.
19, 2011
List the prime factors of 52924.
2, 101, 131
What are the prime factors of 5432?
2, 7, 97
List the prime factors of 125.
5
List the prime factors of 1890.
2, 3, 5, 7
What are the prime factors of 49172?
2, 19, 647
What are the prime factors of 1456?
2, 7, 13
List the prime factors of 1645.
5, 7, 47
List the prime factors of 7664.
2, 479
What are the prime factors of 18819?
3, 17, 41
What are the prime factors of 71138?
2, 35569
List the prime factors of 29208.
2, 3, 1217
List the prime factors of 965.
5, 193
List the prime factors of 199.
199
List the prime factors of 159.
3, 53
What are the prime factors of 68733?
3, 7, 1091
List the prime factors of 8994.
2, 3, 1499
List the prime factors of 2792.
2, 349
What are the prime factors of 7936?
2, 31
What are the prime factors of 807?
3, 269
List the prime factors of 11424.
2, 3, 7, 17
List the prime factors of 72165.
3, 5, 17, 283
List the prime factors of 13537.
13537
What are the prime factors of 63355?
5, 12671
List the prime factors of 8812.
2, 2203
List the prime factors of 1815.
3, 5, 11
List the prime factors of 46375.
5, 7, 53
What are the prime factors of 2532?
2, 3, 211
List the prime factors of 127663.
127663
List the prime factors of 1617.
3, 7, 11
What are the prime factors of 28501?
11, 2591
List the prime factors of 27374.
2, 13687
What are the prime factors of 49498?
2, 24749
List the prime factors of 5590.
2, 5, 13, 43
List the prime factors of 2240.
2, 5, 7
What are the prime factors of 4995?
3, 5, 37
List the prime factors of 2072.
2, 7, 37
List the prime factors of 1867.
1867
List the prime factors of 9844.
2, 23, 107
What are the prime factors of 31243?
157, 199
List the prime factors of 2321.
11, 211
List the prime factors of 18027.
3, 2003
What are the prime factors of 184514?
2, 11, 8387
What are the prime factors of 15299?
15299
What are the prime factors of 5021?
5021
What are the prime factors of 6263?
6263
What are the prime factors of 5595?
3, 5, 373
List the prime factors of 1444.
2, 19
List the prime factors of 6691.
6691
What are the prime factors of 599?
599
List the prime factors of 275.
5, 11
List the prime factors of 686.
2, 7
List the prime factors of 28284.
2, 3, 2357
What are the prime factors of 162?
2, 3
What are the prime factors of 23366?
2, 7, 1669
What are the prime factors of 8318?
2, 4159
What are the prime factors of 16729?
16729
List the prime factors of 3177.
3, 353
List the prime factors of 12173.
7, 37, 47
List the prime factors of 7812.
2, 3, 7, 31
What are the prime factors of 22941?
3, 2549
What are the prime factors of 1467?
3, 163
List the prime factors of 2917.
2917
What are the prime factors of 4284?
2, 3, 7, 17
What are the prime factors of 82?
2, 41
List the prime factors of 34932.
2, 3, 41, 71
List the prime factors of 3402.
2, 3, 7
List the prime factors of 23790.
2, 3, 5, 13, 61
What are the prime factors of 2181?
3, 727
List the prime factors of 777.
3, 7, 37
What are the prime factors of 6905?
5, 1381
List the prime factors of 3069.
3, 11, 31
What are the prime factors of 63300?
2, 3, 5, 211
List the prime factors of 4452.
2, 3, 7, 53
List the prime factors of 5666.
2, 2833
List the prime factors of 27034.
2, 7, 1931
List the prime factors of 3980.
2, 5, 199
List the prime factors of 14854.
2, 7, 1061
List the prime factors of 31414.
2, 113, 139
What are the prime factors of 19734?
2, 3, 11, 13, 